-6).
14
Let x(f) = -7*f + 128. Let p be 330/(-88)*(-54)/(-15)*(-16)/12. Give x(p).
2
Let g(h) = -h**2 + 21*h + 7. Let i(c) = c**2 + 11*c - 17. Let y be i(2). What is g(y)?
115
Let z(p) = 5*p**3 + 31*p**2 + 31*p - 11. Let q(h) = -3*h**3 - 15*h**2 - 15*h + 6. Let k(b) = 7*q(b) + 4*z(b). Give k(20).
-22
Let l = -183 + 332. Let o = -144 + l. Let i(v) = v**3 - 5*v**2 - 2*v + 5. Determine i(o).
-5
Let f(k) = -1729*k - 24 + 870*k + 16*k**2 + 870*k - 18*k**2. Give f(5).
-19
Let c be -9*(-2 + 3) + 2. Let m(v) be the second derivative of -1 + 1/2*v**2 + 7/6*v**3 + 1/12*v**4 - 146*v. What is m(c)?
1
Let q(a) = 183*a + 1838. Let w be q(-10). Let h be 3/(-3) + (-12)/(-1). Let j(n) = 10 + 0*n + 0*n**2 - 4*n + h*n - n**2. Give j(w).
2
Suppose -3*n + 0*n - 4*w = -130, 5*n = -4*w + 206. Let p = n - 29. Let v(a) = a**3 + 3*a**2 + 7*a - 16*a**2 - 3*a + p*a**2. Determine v(3).
3
Let j(h) = 8534*h**2 - 20*h + 4*h + 8535*h**2 + 72 - 17070*h**2. Calculate j(-20).
-8
Suppose -i + 40 = -4*z - 5*i, i + 2 = 0. Let c(a) be the second derivative of -a**4/12 - 4*a**3/3 - a**2/2 + 3*a + 107. What is c(z)?
-1
Let f be (1 + 0/(-2))*7. Let z be -2 + 8/6*3 - -4. Let a(k) = -2 - 14*k + z*k + 7 + k**2. Determine a(f).
-2
Suppose 16*o + l = 14*o + 12, -24 = -2*o - 4*l. Suppose 21*x - o = -214. Let v(q) = -q**2 - 12*q + 4. Give v(x).
24
Suppose -5*d = a + 5 + 1, 4*a + 4*d = 8. Let h be (1*(-40 - -2))/(a/(-6)). Let j = -60 + h. Let f(b) = b**3 + 3*b**2 + b + 4. What is f(j)?
1
Suppose -5*k - 3*j + 302 = -j, -2*k - 2*j + 122 = 0. Let s(f) = f**2 + 9*f + 60. Let o be s(0). Let n = k - o. Let p(a) = -a - 5. Calculate p(n).
-5
Let o(v) = -v**3 - v**2 - v - 2. Let c be o(0). Let k(b) be the second derivative of -b**4/6 - b**2 + 12008*b. Determine k(c).
-10
Let i(u) be the second derivative of u**3/6 + 7*u**2/2 - 2*u. Suppose 0 = -5*d - 5*m + 1130, -24 = 3*m - 9. Let h be (1*2)/(d/28 - 8). Calculate i(h).
15
Let r(g) = 6*g**2 - 6*g - 7. Let j(n) be the second derivative of 5*n**4/12 - 7*n**3/6 - 4*n**2 + n + 1. Let l(k) = -5*j(k) + 4*r(k). What is l(12)?
0
Let q(z) = 19 + 15*z - 3*z + z**2 + 3*z. Let v be (111 - 109)*156/(-24). Calculate q(v).
-7
Let s(z) = -5*z + 6*z + 18*z**2 - z. Let l be 2*(0 - -3)*2. Let k be l/(-2)*(-14)/84. Give s(k).
18
Let v(x) be the first derivative of -1/12*x**4 + 1/120*x**5 + 21 + x**3 + 0*x**2 + 0*x. Let u(r) be the third derivative of v(r). Determine u(6).
4
Let t(l) = -40*l - 631. Let a be t(-27). Suppose -426*o - 23 = -a*o. Let s(g) = -g**3 - 2*g**3 + g**3. Determine s(o).
-2
Let l(k) = -12*k - 1. Let r(o) = 59*o + 6. Let z(a) = 11*l(a) + 2*r(a). Let d be (-15)/12 + 77/4. Suppose 5*x + s - 2 = 0, 62*x - 5*s - d = 59*x. Give z(x).
-13
Let h(q) = -2*q**3 + 8*q**2 - 7*q + 3. Suppose 0 = -362*a + 269*a + 465. What is h(a)?
-82
Suppose 3*f = 2*f. Let r(h) be the third derivative of h**5/60 + 5*h**3/3 + 6238*h**2. What is r(f)?
10
Let h = -147 - -150. Let n be (h*1)/(4/8). Let a(y) = -y**3 + 7*y**2 - 8*y + 6. Calculate a(n).
-6
Suppose 35 = 22*g + 13. Let l(o) = -5 + 25*o - 10*o + g - 12*o. Calculate l(3).
5
Let u = 15 + -21. Let h(z) = -z**3 - 13*z**2 + 53*z - 6. Let d(n) = n**3 + 12*n**2 - 47*n + 5. Let q(l) = 8*d(l) + 7*h(l). Calculate q(u).
-8
Let n(f) = -1262*f**2 + 14*f + 630*f**2 + 75 + 633*f**2 + 11*f. Calculate n(-22).
9
Let q(h) = h**2 + 3*h - 1. Let r be (2 + (-10)/(-1))/(3/28). Suppose -x + r = -5*x. Let l = x - -24. Determine q(l).
3
Let a(u) = 26*u - 128. Let h(i) = 13*i - 63. Let p(x) = 3*a(x) - 5*h(x). Give p(6).
9
Let v(w) be the first derivative of -w**4/4 + w**3 + 3*w**2 - 4*w + 17. Let y be v(4). Let x(a) = 4 - 98*a**2 + y*a + 102*a**2 - 2 - a**3. Give x(5).
-3
Let b(i) be the second derivative of -2*i**3/3 - 18*i**2 + 670*i. Determine b(-14).
20
Let g = -48 - -51. Suppose -4*a = -2*h - g*h + 137, -5*a = 3*h - 97. Let t = h - 32. Let i(n) = -n - 1. Determine i(t).
2
Let c(q) be the third derivative of q**6/120 - 3*q**5/10 + 35*q**4/24 - 16*q**3/3 - 2019*q**2. Give c(16).
16
Let l(w) = w**3 - 9*w**2 - 3*w + 3. Let k be l(6). Let v = k + 126. Let g(p) = 2*p**2 - 5*p + 3. Calculate g(v).
6
Let y(o) = o**3 + 4*o**2 + 6*o - 6. Let w(l) = 1. Let u(r) = -6*w(r) - y(r). Let k(h) = h**2 - 19*h - 46. Let v be k(-2). Give u(v).
24
Let k = 9529 - 9529. Let y(j) = j**3 + 3*j**2 - 2*j + 2. Give y(k).
2
Suppose 57*m - 193 = 662. Let q(g) = g**3 - 14*g**2 - 19*g + 63. What is q(m)?
3
Let t(c) = 2*c + 36. Let s(b) = -3*b + 91. Let a(h) = s(h) - 3*t(h). Calculate a(6).
-71
Let i(a) be the third derivative of a**6/120 + 3*a**5/20 - a**4/24 + 2*a**3 + 1840*a**2. What is i(-9)?
21
Let k(c) = -c**3 - 30*c**2 - 55*c + 9. Let y be (-4)/(32 + -33 + (-6)/(-14)) + -35. Calculate k(y).
-19
Let a(u) = u - 2. Suppose 9*q - 33 = -3813. Let s = q + 414. Calculate a(s).
-8
Let u(x) = 12*x - 1. Suppose -a - i = -6, 0 = 3*a + 5*i - 12 - 12. Let w be (1 - (-2 - 4) - 34/4)*-2. Suppose 2 = l - 2*g, 5*g + a + w = 2*l. Calculate u(l).
-25
Let x be (-148)/(-52) - (-4)/26. Let r(p) = -2*p**2 + 3*p + 1. Give r(x).
-8
Let d(h) = 7884 + 7914 - 15844 + 3*h. What is d(10)?
-16
Let f(n) = n**3 + 11*n**2 + n + 14. Suppose 594 = -807*h + 810*h. Suppose h = -22*l + 4*l. Calculate f(l).
3
Suppose -60*b + 468 = 192 - 264. Let z(f) = -f**3 + 8*f**2 + 19*f - 76. Give z(b).
14
Let r(i) = -54*i**3 - 3*i**2 - i + 1. Let w be -4 + (35/(-70))/((-1)/6) - 0. Determine r(w).
53
Let a be (-5 - 585/(-63)) + (-4)/14. Let b be (-1)/(-3) + (-70)/(-15). Suppose -m = -0*m, b*v - a*m = 0. Let x(q) = q + 3. Calculate x(v).
3
Let u(a) be the third derivative of -a**5/60 + a**4/12 + a**3/3 - 5*a**2. Let v = -6266 - -6265. Calculate u(v).
-1
Let v be 36/(-6)*42/(-84). Let w(j) be the third derivative of -1/8*j**4 - j**v + 0*j + 0 + 11*j**2. Calculate w(-5).
9
Let d(m) = 0*m**2 + 3 + 3*m**2 - 6 + 1 - 6*m**2 - 7*m. Let s(k) = -k**2 - 5*k - 2. Let z(v) = 2*d(v) - 3*s(v). What is z(-1)?
-2
Let f(c) be the second derivative of c**5/20 - 2*c**4/3 + 3*c**3/2 - 5*c**2/2 + c + 6. Let k be -7*((-165)/(-35) - 3). Let j = k + 19. Give f(j).
9
Suppose -39*c + 6 = -37*c. Let f(s) = -s**3 + s**2 + s - 6. Let d(z) = -5*z**3 + 5*z**2 + 4*z - 31. Let r(m) = 2*d(m) - 11*f(m). Determine r(c).
13
Let y = 705 + -719. Let d be 621/69 + y + 0. Let s(n) = -n**3 - 4*n**2 + n + 3. What is s(d)?
23
Let y(w) be the second derivative of 14*w + 9/2*w**2 + 0 + 1/3*w**3. Calculate y(-9).
-9
Let w(y) = y + 3. Suppose 46 = -0*t - 2*t - 2*d, -5*d = 4*t + 95. Let p = 29 + t. Suppose -4*h + 35 = -p*h. Give w(h).
-4
Let g(r) be the third derivative of 0 + 225*r**2 + 0*r + 1/6*r**3 + 1/24*r**4. Give g(8).
9
Let l(x) = -x**3 + 13*x**2 - 2*x + 32. Let q(z) = z**2 + 6*z + 13. Let a be q(-6). Let b be l(a). Let k(r) = -r + 3. Give k(b).
-3
Suppose -b + 48*s + 3 = 47*s, 5*s + 15 = b. Let f(c) = -2*c**2 + c**2 + 7 + c + 0*c**2. What is f(b)?
7
Let g(q) = -q**2 + 41*q - 180. Suppose 948*k - 55 = 937*k. Calculate g(k).
0
Let f(y) be the first derivative of y**4/4 + 4*y**3/3 + 5*y**2/2 + 9*y + 10928. Give f(-4).
-11
Suppose -1562 = -2*q + 4*f, 5*f + 2121 = 3*q - 225. Let n = -789 + q. Let h(x) = -16*x - 1. Give h(n).
31
Let r(b) be the first derivative of -b**4/4 + 4*b**3/3 - b**2/2 - 7*b - 223. Calculate r(3).
-1
Suppose 4*x - 21 - 219 = 0. Let v be 1 + (3 + x/(-16))*-4. Let a be v*((-2)/7 + 55/70). Let d(y) = y - 2. Give d(a).
0
Let q(t) = t**2 - 7*t + 2. Let p be (-1)/4*-10*(-40)/50. Let x be (1 + p)/((-1)/2). Let m(s) = 2*s + 3. Let k be m(x). What is q(k)?
2
Suppose 615 = 684*c - 643*c. Let a(k) = -k**2 + 16*k - 21. Calculate a(c).
-6
Let p(c) be the first derivative of -3*c**4/4 + c**3 + c**2 - 5*c + 4232. Give p(2).
-13
Let u be (3 - (-118)/6) + 4/(-6). Let i be 6/(-24) + (u/(-8) - -3). Suppose k - 1 + 3 = i. Let t(w) = 3*w + 3. What is t(k)?
-3
Suppose -5*q + 40 = 5*o, 49*o - 20 = -2*q + 45*o. Let n(z) = -30 + 10*z - 1 - 35. Let x be n(q). Let i(m) = -m**3 - 7*m**2 - 8*m - 5. Give i(x).
7
Let q(j) = -6*j**3 - 8*j**2 - 5*j + 3. Let d(c) = -c**3 - c**2 + 1. Let h(i) = 5*d(i) - q(i). Suppose -7*n + 0*n = 280. Let m = n + 37. What is h(m)?
-13
Let f(g) = -96*g + 390. Let i be f(4). Let x(q) = -q**3 + 8*q**2 - 4*q + 14. What is x(i)?
62
Suppose -5*w + 351 = -204. Let h = 117 - w. Let q(y) = -2*y + h + 6 - 12. Determine q(2).
-4
Let b(a) = 11*a - 8. Let w 